{"version":"1.0","provider_name":"Facultad de Arquitectura,  Dise\u00f1o y Estudios Urbanos ","provider_url":"https:\/\/fadeu.urantiacos.cl\/en\/","author_name":"manadmin","author_url":"https:\/\/fadeu.urantiacos.cl\/en\/author\/manadmin\/","title":"Sebasti\u00e1n Irarr\u00e1zaval dict\u00f3 conferencia en la IUAV - Facultad de Arquitectura, Dise\u00f1o y Estudios Urbanos","type":"rich","width":600,"height":338,"html":"<blockquote class=\"wp-embedded-content\" data-secret=\"4MNnBItwWM\"><a href=\"https:\/\/fadeu.urantiacos.cl\/en\/2021\/11\/21\/sebastian-irarrazaval-dicto-conferencia-en-la-iuav\/\">Sebasti\u00e1n Irarr\u00e1zaval dict\u00f3 conferencia en la IUAV<\/a><\/blockquote><iframe sandbox=\"allow-scripts\" security=\"restricted\" src=\"https:\/\/fadeu.urantiacos.cl\/en\/2021\/11\/21\/sebastian-irarrazaval-dicto-conferencia-en-la-iuav\/embed\/#?secret=4MNnBItwWM\" width=\"600\" height=\"338\" title=\"&#8220;Sebasti\u00e1n Irarr\u00e1zaval dict\u00f3 conferencia en la IUAV&#8221; &#8212; Facultad de Arquitectura,  Dise\u00f1o y Estudios Urbanos \" data-secret=\"4MNnBItwWM\" frameborder=\"0\" marginwidth=\"0\" marginheight=\"0\" scrolling=\"no\" class=\"wp-embedded-content\"><\/iframe><script type=\"text\/javascript\">\n\/* <![CDATA[ *\/\n\/*! This file is auto-generated *\/\n!function(d,l){\"use strict\";l.querySelector&&d.addEventListener&&\"undefined\"!=typeof URL&&(d.wp=d.wp||{},d.wp.receiveEmbedMessage||(d.wp.receiveEmbedMessage=function(e){var t=e.data;if((t||t.secret||t.message||t.value)&&!\/[^a-zA-Z0-9]\/.test(t.secret)){for(var s,r,n,a=l.querySelectorAll('iframe[data-secret=\"'+t.secret+'\"]'),o=l.querySelectorAll('blockquote[data-secret=\"'+t.secret+'\"]'),c=new RegExp(\"^https?:$\",\"i\"),i=0;i<o.length;i++)o[i].style.display=\"none\";for(i=0;i<a.length;i++)s=a[i],e.source===s.contentWindow&&(s.removeAttribute(\"style\"),\"height\"===t.message?(1e3<(r=parseInt(t.value,10))?r=1e3:~~r<200&&(r=200),s.height=r):\"link\"===t.message&&(r=new URL(s.getAttribute(\"src\")),n=new URL(t.value),c.test(n.protocol))&&n.host===r.host&&l.activeElement===s&&(d.top.location.href=t.value))}},d.addEventListener(\"message\",d.wp.receiveEmbedMessage,!1),l.addEventListener(\"DOMContentLoaded\",function(){for(var e,t,s=l.querySelectorAll(\"iframe.wp-embedded-content\"),r=0;r<s.length;r++)(t=(e=s[r]).getAttribute(\"data-secret\"))||(t=Math.random().toString(36).substring(2,12),e.src+=\"#?secret=\"+t,e.setAttribute(\"data-secret\",t)),e.contentWindow.postMessage({message:\"ready\",secret:t},\"*\")},!1)))}(window,document);\n\/\/# sourceURL=https:\/\/fadeu.urantiacos.cl\/wp-includes\/js\/wp-embed.min.js\n\/* ]]> *\/\n<\/script>\n","thumbnail_url":"https:\/\/fadeu.urantiacos.cl\/wp-content\/uploads\/2023\/09\/IMG_2860_web.jpg","thumbnail_width":350,"thumbnail_height":250,"description":"En el marco de \u201cNovember Talks\u201d \u2014un nuevo ciclo de conferencias sobre arquitectura contempor\u00e1nea de la Fundaci\u00f3n Sto en colaboraci\u00f3n con universidades europeas\u2014, el profesor ARQ UC dict\u00f3 la conferencia \u201cMore Ancient and Sterner World\" en el Aula Magna de la Universidad IUAV de Venecia."}

Facultad de Arquitectura,  Diseño y Estudios Urbanos

Sebastián Irarrázaval dictó conferencia en la IUAV - Facultad de Arquitectura, Diseño y Estudios Urbanos

<blockquote class="wp-embedded-content" data-secret="4MNnBItwWM"><a href="https://fadeu.urantiacos.cl/en/2021/11/21/sebastian-irarrazaval-dicto-conferencia-en-la-iuav/">Sebastián Irarrázaval dictó conferencia en la IUAV</a></blockquote><iframe sandbox="allow-scripts" security="restricted" src="https://fadeu.urantiacos.cl/en/2021/11/21/sebastian-irarrazaval-dicto-conferencia-en-la-iuav/embed/#?secret=4MNnBItwWM" width="600" height="338" title="&#8220;Sebastián Irarrázaval dictó conferencia en la IUAV&#8221; &#8212; Facultad de Arquitectura,  Diseño y Estudios Urbanos " data-secret="4MNnBItwWM" frameborder="0" marginwidth="0" marginheight="0" scrolling="no" class="wp-embedded-content"></iframe><script type="text/javascript">
/* <![CDATA[ */
/*! This file is auto-generated */
!function(d,l){"use strict";l.querySelector&&d.addEventListener&&"undefined"!=typeof URL&&(d.wp=d.wp||{},d.wp.receiveEmbedMessage||(d.wp.receiveEmbedMessage=function(e){var t=e.data;if((t||t.secret||t.message||t.value)&&!/[^a-zA-Z0-9]/.test(t.secret)){for(var s,r,n,a=l.querySelectorAll('iframe[data-secret="'+t.secret+'"]'),o=l.querySelectorAll('blockquote[data-secret="'+t.secret+'"]'),c=new RegExp("^https?:$","i"),i=0;i<o.length;i++)o[i].style.display="none";for(i=0;i<a.length;i++)s=a[i],e.source===s.contentWindow&&(s.removeAttribute("style"),"height"===t.message?(1e3<(r=parseInt(t.value,10))?r=1e3:~~r<200&&(r=200),s.height=r):"link"===t.message&&(r=new URL(s.getAttribute("src")),n=new URL(t.value),c.test(n.protocol))&&n.host===r.host&&l.activeElement===s&&(d.top.location.href=t.value))}},d.addEventListener("message",d.wp.receiveEmbedMessage,!1),l.addEventListener("DOMContentLoaded",function(){for(var e,t,s=l.querySelectorAll("iframe.wp-embedded-content"),r=0;r<s.length;r++)(t=(e=s[r]).getAttribute("data-secret"))||(t=Math.random().toString(36).substring(2,12),e.src+="#?secret="+t,e.setAttribute("data-secret",t)),e.contentWindow.postMessage({message:"ready",secret:t},"*")},!1)))}(window,document);
//# sourceURL=https://fadeu.urantiacos.cl/wp-includes/js/wp-embed.min.js
/* ]]> */
</script>

En el marco de “November Talks” —un nuevo ciclo de conferencias sobre arquitectura contemporánea de la Fundación Sto en colaboración con universidades europeas—, el profesor ARQ UC dictó la conferencia “More Ancient and Sterner World" en el Aula Magna de la Universidad IUAV de Venecia.
