{"version":"1.0","provider_name":"Facultad de Arquitectura,  Dise\u00f1o y Estudios Urbanos ","provider_url":"https:\/\/fadeu.urantiacos.cl\/en\/","author_name":"manadmin","author_url":"https:\/\/fadeu.urantiacos.cl\/en\/author\/manadmin\/","title":"Inauguraci\u00f3n FabLab Puerto Williams - Facultad de Arquitectura, Dise\u00f1o y Estudios Urbanos","type":"rich","width":600,"height":338,"html":"<blockquote class=\"wp-embedded-content\" data-secret=\"wOxscJ5CPm\"><a href=\"https:\/\/fadeu.urantiacos.cl\/en\/2019\/01\/18\/inauguracion-fablab-puerto-williams\/\">Inauguraci\u00f3n FabLab Puerto Williams<\/a><\/blockquote><iframe sandbox=\"allow-scripts\" security=\"restricted\" src=\"https:\/\/fadeu.urantiacos.cl\/en\/2019\/01\/18\/inauguracion-fablab-puerto-williams\/embed\/#?secret=wOxscJ5CPm\" width=\"600\" height=\"338\" title=\"&#8220;Inauguraci\u00f3n FabLab Puerto Williams&#8221; &#8212; Facultad de Arquitectura,  Dise\u00f1o y Estudios Urbanos \" data-secret=\"wOxscJ5CPm\" frameborder=\"0\" marginwidth=\"0\" marginheight=\"0\" scrolling=\"no\" class=\"wp-embedded-content\"><\/iframe><script type=\"text\/javascript\">\n\/* <![CDATA[ *\/\n\/*! This file is auto-generated *\/\n!function(d,l){\"use strict\";l.querySelector&&d.addEventListener&&\"undefined\"!=typeof URL&&(d.wp=d.wp||{},d.wp.receiveEmbedMessage||(d.wp.receiveEmbedMessage=function(e){var t=e.data;if((t||t.secret||t.message||t.value)&&!\/[^a-zA-Z0-9]\/.test(t.secret)){for(var s,r,n,a=l.querySelectorAll('iframe[data-secret=\"'+t.secret+'\"]'),o=l.querySelectorAll('blockquote[data-secret=\"'+t.secret+'\"]'),c=new RegExp(\"^https?:$\",\"i\"),i=0;i<o.length;i++)o[i].style.display=\"none\";for(i=0;i<a.length;i++)s=a[i],e.source===s.contentWindow&&(s.removeAttribute(\"style\"),\"height\"===t.message?(1e3<(r=parseInt(t.value,10))?r=1e3:~~r<200&&(r=200),s.height=r):\"link\"===t.message&&(r=new URL(s.getAttribute(\"src\")),n=new URL(t.value),c.test(n.protocol))&&n.host===r.host&&l.activeElement===s&&(d.top.location.href=t.value))}},d.addEventListener(\"message\",d.wp.receiveEmbedMessage,!1),l.addEventListener(\"DOMContentLoaded\",function(){for(var e,t,s=l.querySelectorAll(\"iframe.wp-embedded-content\"),r=0;r<s.length;r++)(t=(e=s[r]).getAttribute(\"data-secret\"))||(t=Math.random().toString(36).substring(2,12),e.src+=\"#?secret=\"+t,e.setAttribute(\"data-secret\",t)),e.contentWindow.postMessage({message:\"ready\",secret:t},\"*\")},!1)))}(window,document);\n\/\/# sourceURL=https:\/\/fadeu.urantiacos.cl\/wp-includes\/js\/wp-embed.min.js\n\/* ]]> *\/\n<\/script>\n","thumbnail_url":"https:\/\/fadeu.urantiacos.cl\/wp-content\/uploads\/2023\/09\/fablab-1.jpg","thumbnail_width":350,"thumbnail_height":250,"description":"La inauguraci\u00f3n del Fab Lab m\u00e1s austral del mundo, ubicado en Puerto Williams, acaba de concretarse. Liderado por el docente de Dise\u00f1o UC, Tom\u00e1s Vivanco, la Vicerrector\u00eda de Investigaci\u00f3n de la Universidad Cat\u00f3lica y la Facultad de Arquitectura, Dise\u00f1o y Estudios Urbanos, el proyecto adem\u00e1s cuenta con la colaboraci\u00f3n con la Fundaci\u00f3n Dise\u00f1o Distribuido, el Center for Bits and Atoms del Massachuset Institute of Technology (MIT) y Fab Foundation."}

Facultad de Arquitectura,  Diseño y Estudios Urbanos

Inauguración FabLab Puerto Williams - Facultad de Arquitectura, Diseño y Estudios Urbanos

<blockquote class="wp-embedded-content" data-secret="wOxscJ5CPm"><a href="https://fadeu.urantiacos.cl/en/2019/01/18/inauguracion-fablab-puerto-williams/">Inauguración FabLab Puerto Williams</a></blockquote><iframe sandbox="allow-scripts" security="restricted" src="https://fadeu.urantiacos.cl/en/2019/01/18/inauguracion-fablab-puerto-williams/embed/#?secret=wOxscJ5CPm" width="600" height="338" title="&#8220;Inauguración FabLab Puerto Williams&#8221; &#8212; Facultad de Arquitectura,  Diseño y Estudios Urbanos " data-secret="wOxscJ5CPm" frameborder="0" marginwidth="0" marginheight="0" scrolling="no" class="wp-embedded-content"></iframe><script type="text/javascript">
/* <![CDATA[ */
/*! This file is auto-generated */
!function(d,l){"use strict";l.querySelector&&d.addEventListener&&"undefined"!=typeof URL&&(d.wp=d.wp||{},d.wp.receiveEmbedMessage||(d.wp.receiveEmbedMessage=function(e){var t=e.data;if((t||t.secret||t.message||t.value)&&!/[^a-zA-Z0-9]/.test(t.secret)){for(var s,r,n,a=l.querySelectorAll('iframe[data-secret="'+t.secret+'"]'),o=l.querySelectorAll('blockquote[data-secret="'+t.secret+'"]'),c=new RegExp("^https?:$","i"),i=0;i<o.length;i++)o[i].style.display="none";for(i=0;i<a.length;i++)s=a[i],e.source===s.contentWindow&&(s.removeAttribute("style"),"height"===t.message?(1e3<(r=parseInt(t.value,10))?r=1e3:~~r<200&&(r=200),s.height=r):"link"===t.message&&(r=new URL(s.getAttribute("src")),n=new URL(t.value),c.test(n.protocol))&&n.host===r.host&&l.activeElement===s&&(d.top.location.href=t.value))}},d.addEventListener("message",d.wp.receiveEmbedMessage,!1),l.addEventListener("DOMContentLoaded",function(){for(var e,t,s=l.querySelectorAll("iframe.wp-embedded-content"),r=0;r<s.length;r++)(t=(e=s[r]).getAttribute("data-secret"))||(t=Math.random().toString(36).substring(2,12),e.src+="#?secret="+t,e.setAttribute("data-secret",t)),e.contentWindow.postMessage({message:"ready",secret:t},"*")},!1)))}(window,document);
//# sourceURL=https://fadeu.urantiacos.cl/wp-includes/js/wp-embed.min.js
/* ]]> */
</script>

La inauguración del Fab Lab más austral del mundo, ubicado en Puerto Williams, acaba de concretarse. Liderado por el docente de Diseño UC, Tomás Vivanco, la Vicerrectoría de Investigación de la Universidad Católica y la Facultad de Arquitectura, Diseño y Estudios Urbanos, el proyecto además cuenta con la colaboración con la Fundación Diseño Distribuido, el Center for Bits and Atoms del Massachuset Institute of Technology (MIT) y Fab Foundation.
