{"version":"1.0","provider_name":"Facultad de Arquitectura,  Dise\u00f1o y Estudios Urbanos ","provider_url":"https:\/\/fadeu.urantiacos.cl\/en\/","author_name":"manadmin","author_url":"https:\/\/fadeu.urantiacos.cl\/en\/author\/manadmin\/","title":"Ediciones UC lanza libro sobre Fernanco Castillo Velasco - Facultad de Arquitectura, Dise\u00f1o y Estudios Urbanos","type":"rich","width":600,"height":338,"html":"<blockquote class=\"wp-embedded-content\" data-secret=\"9zxpqhR8BJ\"><a href=\"https:\/\/fadeu.urantiacos.cl\/en\/2018\/11\/21\/ediciones-uc-lanza-libro-sobre-fernanco-castillo-velasco\/\">Ediciones UC lanza libro sobre Fernanco Castillo Velasco<\/a><\/blockquote><iframe sandbox=\"allow-scripts\" security=\"restricted\" src=\"https:\/\/fadeu.urantiacos.cl\/en\/2018\/11\/21\/ediciones-uc-lanza-libro-sobre-fernanco-castillo-velasco\/embed\/#?secret=9zxpqhR8BJ\" width=\"600\" height=\"338\" title=\"&#8220;Ediciones UC lanza libro sobre Fernanco Castillo Velasco&#8221; &#8212; Facultad de Arquitectura,  Dise\u00f1o y Estudios Urbanos \" data-secret=\"9zxpqhR8BJ\" frameborder=\"0\" marginwidth=\"0\" marginheight=\"0\" scrolling=\"no\" class=\"wp-embedded-content\"><\/iframe><script type=\"text\/javascript\">\n\/* <![CDATA[ *\/\n\/*! This file is auto-generated *\/\n!function(d,l){\"use strict\";l.querySelector&&d.addEventListener&&\"undefined\"!=typeof URL&&(d.wp=d.wp||{},d.wp.receiveEmbedMessage||(d.wp.receiveEmbedMessage=function(e){var t=e.data;if((t||t.secret||t.message||t.value)&&!\/[^a-zA-Z0-9]\/.test(t.secret)){for(var s,r,n,a=l.querySelectorAll('iframe[data-secret=\"'+t.secret+'\"]'),o=l.querySelectorAll('blockquote[data-secret=\"'+t.secret+'\"]'),c=new RegExp(\"^https?:$\",\"i\"),i=0;i<o.length;i++)o[i].style.display=\"none\";for(i=0;i<a.length;i++)s=a[i],e.source===s.contentWindow&&(s.removeAttribute(\"style\"),\"height\"===t.message?(1e3<(r=parseInt(t.value,10))?r=1e3:~~r<200&&(r=200),s.height=r):\"link\"===t.message&&(r=new URL(s.getAttribute(\"src\")),n=new URL(t.value),c.test(n.protocol))&&n.host===r.host&&l.activeElement===s&&(d.top.location.href=t.value))}},d.addEventListener(\"message\",d.wp.receiveEmbedMessage,!1),l.addEventListener(\"DOMContentLoaded\",function(){for(var e,t,s=l.querySelectorAll(\"iframe.wp-embedded-content\"),r=0;r<s.length;r++)(t=(e=s[r]).getAttribute(\"data-secret\"))||(t=Math.random().toString(36).substring(2,12),e.src+=\"#?secret=\"+t,e.setAttribute(\"data-secret\",t)),e.contentWindow.postMessage({message:\"ready\",secret:t},\"*\")},!1)))}(window,document);\n\/\/# sourceURL=https:\/\/fadeu.urantiacos.cl\/wp-includes\/js\/wp-embed.min.js\n\/* ]]> *\/\n<\/script>\n","thumbnail_url":"https:\/\/fadeu.urantiacos.cl\/wp-content\/uploads\/2023\/09\/fernandocastillovelasco.jpg","thumbnail_width":350,"thumbnail_height":250,"description":"El pasado 12 de noviembre se lanz\u00f3 el libro 'Fernando Castillo Velasco. Proyectar en Comunidad' en el Sal\u00f3n de Honor de la Casa Central de la Pontificia Universidad Cat\u00f3lica de Chile. En el evento participaron importantes autoridades, como la viuda del ex Rector, M\u00f3nica Echeverr\u00eda, Jos\u00e9 Antonio Viera-Gallo, quien coment\u00f3 la obra, y el Rector Ignacio S\u00e1nchez D\u00edaz."}

Facultad de Arquitectura,  Diseño y Estudios Urbanos

Ediciones UC lanza libro sobre Fernanco Castillo Velasco - Facultad de Arquitectura, Diseño y Estudios Urbanos

<blockquote class="wp-embedded-content" data-secret="9zxpqhR8BJ"><a href="https://fadeu.urantiacos.cl/en/2018/11/21/ediciones-uc-lanza-libro-sobre-fernanco-castillo-velasco/">Ediciones UC lanza libro sobre Fernanco Castillo Velasco</a></blockquote><iframe sandbox="allow-scripts" security="restricted" src="https://fadeu.urantiacos.cl/en/2018/11/21/ediciones-uc-lanza-libro-sobre-fernanco-castillo-velasco/embed/#?secret=9zxpqhR8BJ" width="600" height="338" title="&#8220;Ediciones UC lanza libro sobre Fernanco Castillo Velasco&#8221; &#8212; Facultad de Arquitectura,  Diseño y Estudios Urbanos " data-secret="9zxpqhR8BJ" frameborder="0" marginwidth="0" marginheight="0" scrolling="no" class="wp-embedded-content"></iframe><script type="text/javascript">
/* <![CDATA[ */
/*! This file is auto-generated */
!function(d,l){"use strict";l.querySelector&&d.addEventListener&&"undefined"!=typeof URL&&(d.wp=d.wp||{},d.wp.receiveEmbedMessage||(d.wp.receiveEmbedMessage=function(e){var t=e.data;if((t||t.secret||t.message||t.value)&&!/[^a-zA-Z0-9]/.test(t.secret)){for(var s,r,n,a=l.querySelectorAll('iframe[data-secret="'+t.secret+'"]'),o=l.querySelectorAll('blockquote[data-secret="'+t.secret+'"]'),c=new RegExp("^https?:$","i"),i=0;i<o.length;i++)o[i].style.display="none";for(i=0;i<a.length;i++)s=a[i],e.source===s.contentWindow&&(s.removeAttribute("style"),"height"===t.message?(1e3<(r=parseInt(t.value,10))?r=1e3:~~r<200&&(r=200),s.height=r):"link"===t.message&&(r=new URL(s.getAttribute("src")),n=new URL(t.value),c.test(n.protocol))&&n.host===r.host&&l.activeElement===s&&(d.top.location.href=t.value))}},d.addEventListener("message",d.wp.receiveEmbedMessage,!1),l.addEventListener("DOMContentLoaded",function(){for(var e,t,s=l.querySelectorAll("iframe.wp-embedded-content"),r=0;r<s.length;r++)(t=(e=s[r]).getAttribute("data-secret"))||(t=Math.random().toString(36).substring(2,12),e.src+="#?secret="+t,e.setAttribute("data-secret",t)),e.contentWindow.postMessage({message:"ready",secret:t},"*")},!1)))}(window,document);
//# sourceURL=https://fadeu.urantiacos.cl/wp-includes/js/wp-embed.min.js
/* ]]> */
</script>

El pasado 12 de noviembre se lanzó el libro 'Fernando Castillo Velasco. Proyectar en Comunidad' en el Salón de Honor de la Casa Central de la Pontificia Universidad Católica de Chile. En el evento participaron importantes autoridades, como la viuda del ex Rector, Mónica Echeverría, José Antonio Viera-Gallo, quien comentó la obra, y el Rector Ignacio Sánchez Díaz.
